{"id":99,"date":"2016-04-18T18:54:35","date_gmt":"2016-04-18T18:54:35","guid":{"rendered":"http:\/\/test.xn--les-pieds-ails-nkb.ch\/?page_id=99"},"modified":"2023-11-26T21:37:53","modified_gmt":"2023-11-26T21:37:53","slug":"soins-et-beaute-des-pieds","status":"publish","type":"page","link":"https:\/\/www.les-pieds-ailes.ch\/index.php\/soins\/soins-et-beaute-des-pieds\/","title":{"rendered":"Soins et beaut\u00e9 des pieds"},"content":{"rendered":"<h2>Buts du soin<\/h2>\n<p><span style=\"color: #000000;\"><strong>* \u00a0Pr\u00e9vention &#8211; Hygi\u00e8ne &#8211; Confort &#8211; Beaut\u00e9 naturelle &#8211; Conseils *<img loading=\"lazy\" decoding=\"async\" class=\"size-medium wp-image-165 alignright\" src=\"https:\/\/www.les-pieds-ailes.ch\/wp\/wp-content\/uploads\/2016\/04\/764333_blog-300x200.jpg\" alt=\"764333_blog\" width=\"300\" height=\"200\" srcset=\"https:\/\/www.les-pieds-ailes.ch\/wp\/wp-content\/uploads\/2016\/04\/764333_blog-300x200.jpg 300w, https:\/\/www.les-pieds-ailes.ch\/wp\/wp-content\/uploads\/2016\/04\/764333_blog.jpg 450w\" sizes=\"(max-width: 300px) 100vw, 300px\" \/><\/strong><\/span><\/p>\n<h2>D\u00e9roulement<\/h2>\n<p>Le soin se d\u00e9roule ainsi :<\/p>\n<ul>\n<li>Bain nettoyant<\/li>\n<li>Coupe\/Lime des ongles avec\u00a0appareil<\/li>\n<li>Extraction des cuticules et peaux mortes<\/li>\n<li>Polissage des ongles\/Huile de soin<\/li>\n<li>Soin des callosit\u00e9s<\/li>\n<li>Massage relaxant<\/li>\n<\/ul>\n<p>Je re\u00e7ois aussi bien les hommes que les femmes.<\/p>\n<p><strong>Tout le mat\u00e9riel utilis\u00e9 est soigneusement d\u00e9sinfect\u00e9 avant et apr\u00e8s chaque soin dans un appareil \u00e0 ultrasons et st\u00e9rilis\u00e9 dans un st\u00e9rilisateur selon les normes ou est \u00e0 usage unique (Exemple : le papier de verre pour les callosit\u00e9s).<\/strong><\/p>\n<p><strong>Pendant le soin, je porte un masque de protection contre les \u00e9ventuelles projections d&rsquo;ongles ou de produits.<\/strong><\/p>\n<p><strong>Apr\u00e8s chaque soin, le chariot \u00e0 instruments ainsi que le fauteuil de soins sont d\u00e9sinfect\u00e9s et la pi\u00e8ce de travail est syst\u00e9matiquement a\u00e9r\u00e9e.<\/strong><\/p>\n<p>N.B : Par mesure d&rsquo;hygi\u00e8ne, je vous recommande de prendre avec vous une paire de chaussettes en guise de chaussons pour ne pas marcher pieds nus \u00e0 m\u00eame le sol.<\/p>\n<h2>Vernis<\/h2>\n<p>Et si vous le souhaitez, je vous propose en guise de finition, la pose d&rsquo;un vernis classique dans la gamme OPI. Dans ce cas, il faudra <strong>pr\u00e9voir des sandalettes<\/strong> pour ne pas ab\u00eemer le vernis !<\/p>\n","protected":false},"excerpt":{"rendered":"<p>Buts du soin * \u00a0Pr\u00e9vention &#8211; Hygi\u00e8ne &#8211; Confort &#8211; Beaut\u00e9 naturelle &#8211; Conseils * D\u00e9roulement Le soin se d\u00e9roule ainsi : Bain nettoyant Coupe\/Lime des ongles avec\u00a0appareil Extraction des cuticules et peaux mortes Polissage des ongles\/Huile de soin Soin des callosit\u00e9s Massage relaxant Je re\u00e7ois aussi bien les hommes que les femmes. Tout le [&hellip;]<\/p>\n","protected":false},"author":1,"featured_media":0,"parent":18,"menu_order":0,"comment_status":"closed","ping_status":"closed","template":"","meta":{"footnotes":""},"class_list":["post-99","page","type-page","status-publish","czr-hentry"],"aioseo_notices":[],"_links":{"self":[{"href":"https:\/\/www.les-pieds-ailes.ch\/index.php\/wp-json\/wp\/v2\/pages\/99"}],"collection":[{"href":"https:\/\/www.les-pieds-ailes.ch\/index.php\/wp-json\/wp\/v2\/pages"}],"about":[{"href":"https:\/\/www.les-pieds-ailes.ch\/index.php\/wp-json\/wp\/v2\/types\/page"}],"author":[{"embeddable":true,"href":"https:\/\/www.les-pieds-ailes.ch\/index.php\/wp-json\/wp\/v2\/users\/1"}],"replies":[{"embeddable":true,"href":"https:\/\/www.les-pieds-ailes.ch\/index.php\/wp-json\/wp\/v2\/comments?post=99"}],"version-history":[{"count":26,"href":"https:\/\/www.les-pieds-ailes.ch\/index.php\/wp-json\/wp\/v2\/pages\/99\/revisions"}],"predecessor-version":[{"id":595,"href":"https:\/\/www.les-pieds-ailes.ch\/index.php\/wp-json\/wp\/v2\/pages\/99\/revisions\/595"}],"up":[{"embeddable":true,"href":"https:\/\/www.les-pieds-ailes.ch\/index.php\/wp-json\/wp\/v2\/pages\/18"}],"wp:attachment":[{"href":"https:\/\/www.les-pieds-ailes.ch\/index.php\/wp-json\/wp\/v2\/media?parent=99"}],"curies":[{"name":"wp","href":"https:\/\/api.w.org\/{rel}","templated":true}]}}

Soins et beauté des pieds

<h2>Buts du soin</h2>
<p><span style="color: #000000;"><strong>*  Prévention &#8211; Hygiène &#8211; Confort &#8211; Beauté naturelle &#8211; Conseils *<img loading="lazy" decoding="async" class="size-medium wp-image-165 alignright" src="https://www.les-pieds-ailes.ch/wp/wp-content/uploads/2016/04/764333_blog-300x200.jpg" alt="764333_blog" width="300" height="200" srcset="https://www.les-pieds-ailes.ch/wp/wp-content/uploads/2016/04/764333_blog-300x200.jpg 300w, https://www.les-pieds-ailes.ch/wp/wp-content/uploads/2016/04/764333_blog.jpg 450w" sizes="(max-width: 300px) 100vw, 300px" /></strong></span></p>
<h2>Déroulement</h2>
<p>Le soin se déroule ainsi :</p>
<ul>
<li>Bain nettoyant</li>
<li>Coupe/Lime des ongles avec appareil</li>
<li>Extraction des cuticules et peaux mortes</li>
<li>Polissage des ongles/Huile de soin</li>
<li>Soin des callosités</li>
<li>Massage relaxant</li>
</ul>
<p>Je reçois aussi bien les hommes que les femmes.</p>
<p><strong>Tout le matériel utilisé est soigneusement désinfecté avant et après chaque soin dans un appareil à ultrasons et stérilisé dans un stérilisateur selon les normes ou est à usage unique (Exemple : le papier de verre pour les callosités).</strong></p>
<p><strong>Pendant le soin, je porte un masque de protection contre les éventuelles projections d&rsquo;ongles ou de produits.</strong></p>
<p><strong>Après chaque soin, le chariot à instruments ainsi que le fauteuil de soins sont désinfectés et la pièce de travail est systématiquement aérée.</strong></p>
<p>N.B : Par mesure d&rsquo;hygiène, je vous recommande de prendre avec vous une paire de chaussettes en guise de chaussons pour ne pas marcher pieds nus à même le sol.</p>
<h2>Vernis</h2>
<p>Et si vous le souhaitez, je vous propose en guise de finition, la pose d&rsquo;un vernis classique dans la gamme OPI. Dans ce cas, il faudra <strong>prévoir des sandalettes</strong> pour ne pas abîmer le vernis !</p>

<p>Buts du soin *  Prévention &#8211; Hygiène &#8211; Confort &#8211; Beauté naturelle &#8211; Conseils * Déroulement Le soin se déroule ainsi : Bain nettoyant Coupe/Lime des ongles avec appareil Extraction des cuticules et peaux mortes Polissage des ongles/Huile de soin Soin des callosités Massage relaxant Je reçois aussi bien les hommes que les femmes. Tout le [&hellip;]</p>
