{"id":9,"date":"2016-04-01T12:22:56","date_gmt":"2016-04-01T12:22:56","guid":{"rendered":"http:\/\/test.xn--les-pieds-ails-nkb.ch\/?page_id=9"},"modified":"2024-09-09T18:15:01","modified_gmt":"2024-09-09T18:15:01","slug":"plan-dacces","status":"publish","type":"page","link":"https:\/\/www.les-pieds-ailes.ch\/index.php\/plan-dacces\/","title":{"rendered":"Adresse et contact"},"content":{"rendered":"<h2>Contact<\/h2>\n<p>Vous pouvez me contacter par t\u00e9l\u00e9phone au num\u00e9ro <a href=\"tel:+41788014080\">078 801 40 80<\/a> ou par e-mail \u00e0 l&rsquo;adresse <a href=\"mailto:info@les-pieds-ailes.ch\">info@les-pieds-ailes.ch<\/a>.<\/p>\n<h2>Adresse<\/h2>\n<p style=\"text-align: left;\"><strong>Attention ! Changement d&rsquo;adresse \u00e0 partir du 10 septembre 2024<\/strong><\/p>\n<p>Apr\u00e8s huit ann\u00e9es pass\u00e9es \u00e0 la rue des Cond\u00e9mines, mon cabinet est nouvellement situ\u00e9 \u00e0 la rue du Pr\u00e9 d&rsquo;Am\u00e9d\u00e9e 16 \u00e0 Sion, au rez-de-chauss\u00e9e d&rsquo;une maison aux volets rouges, \u00e0 c\u00f4t\u00e9 de la piscine de l&rsquo;\u00e9cole de Gravelone, entre l&rsquo;Avenue du Ritz et la rue de Gravelone.<\/p>\n","protected":false},"excerpt":{"rendered":"<p>Contact Vous pouvez me contacter par t\u00e9l\u00e9phone au num\u00e9ro 078 801 40 80 ou par e-mail \u00e0 l&rsquo;adresse info@les-pieds-ailes.ch. Adresse Attention ! Changement d&rsquo;adresse \u00e0 partir du 10 septembre 2024 Apr\u00e8s huit ann\u00e9es pass\u00e9es \u00e0 la rue des Cond\u00e9mines, mon cabinet est nouvellement situ\u00e9 \u00e0 la rue du Pr\u00e9 d&rsquo;Am\u00e9d\u00e9e 16 \u00e0 Sion, au rez-de-chauss\u00e9e [&hellip;]<\/p>\n","protected":false},"author":2,"featured_media":0,"parent":0,"menu_order":2,"comment_status":"closed","ping_status":"closed","template":"","meta":{"footnotes":""},"class_list":["post-9","page","type-page","status-publish","czr-hentry"],"aioseo_notices":[],"_links":{"self":[{"href":"https:\/\/www.les-pieds-ailes.ch\/index.php\/wp-json\/wp\/v2\/pages\/9"}],"collection":[{"href":"https:\/\/www.les-pieds-ailes.ch\/index.php\/wp-json\/wp\/v2\/pages"}],"about":[{"href":"https:\/\/www.les-pieds-ailes.ch\/index.php\/wp-json\/wp\/v2\/types\/page"}],"author":[{"embeddable":true,"href":"https:\/\/www.les-pieds-ailes.ch\/index.php\/wp-json\/wp\/v2\/users\/2"}],"replies":[{"embeddable":true,"href":"https:\/\/www.les-pieds-ailes.ch\/index.php\/wp-json\/wp\/v2\/comments?post=9"}],"version-history":[{"count":24,"href":"https:\/\/www.les-pieds-ailes.ch\/index.php\/wp-json\/wp\/v2\/pages\/9\/revisions"}],"predecessor-version":[{"id":662,"href":"https:\/\/www.les-pieds-ailes.ch\/index.php\/wp-json\/wp\/v2\/pages\/9\/revisions\/662"}],"wp:attachment":[{"href":"https:\/\/www.les-pieds-ailes.ch\/index.php\/wp-json\/wp\/v2\/media?parent=9"}],"curies":[{"name":"wp","href":"https:\/\/api.w.org\/{rel}","templated":true}]}}

<h2>Contact</h2>
<p>Vous pouvez me contacter par téléphone au numéro <a href="tel:+41788014080">078 801 40 80</a> ou par e-mail à l&rsquo;adresse <a href="mailto:info@les-pieds-ailes.ch">info@les-pieds-ailes.ch</a>.</p>
<h2>Adresse</h2>
<p style="text-align: left;"><strong>Attention ! Changement d&rsquo;adresse à partir du 10 septembre 2024</strong></p>
<p>Après huit années passées à la rue des Condémines, mon cabinet est nouvellement situé à la rue du Pré d&rsquo;Amédée 16 à Sion, au rez-de-chaussée d&rsquo;une maison aux volets rouges, à côté de la piscine de l&rsquo;école de Gravelone, entre l&rsquo;Avenue du Ritz et la rue de Gravelone.</p>

<p>Contact Vous pouvez me contacter par téléphone au numéro 078 801 40 80 ou par e-mail à l&rsquo;adresse info@les-pieds-ailes.ch. Adresse Attention ! Changement d&rsquo;adresse à partir du 10 septembre 2024 Après huit années passées à la rue des Condémines, mon cabinet est nouvellement situé à la rue du Pré d&rsquo;Amédée 16 à Sion, au rez-de-chaussée [&hellip;]</p>
