{"id":557,"date":"2023-11-26T20:08:36","date_gmt":"2023-11-26T20:08:36","guid":{"rendered":"https:\/\/www.les-pieds-ailes.ch\/?page_id=557"},"modified":"2025-03-11T10:44:54","modified_gmt":"2025-03-11T10:44:54","slug":"nouveau-en-2024","status":"publish","type":"page","link":"https:\/\/www.les-pieds-ailes.ch\/index.php\/nouveau-en-2024\/","title":{"rendered":"Nouveau en 2025 !"},"content":{"rendered":"\n<p><\/p>\n\n\n\n<p>Je peux me d\u00e9placer jusqu&rsquo;\u00e0 votre domicile moyennant 10.- de frais de d\u00e9placement dans la r\u00e9gion de Sion et les environs.<\/p>\n\n\n\n<p>J&rsquo;ai \u00e9t\u00e9 engag\u00e9e \u00e0 l&rsquo;H\u00f4pital de Rennaz dans le service de M\u00e9decine\/Diab\u00e9tologie o\u00f9 je travaille comme infirmi\u00e8re pour les soins de pieds aux personnes diab\u00e9tiques.<\/p>\n\n\n\n<p>Cette nouvelle fonction vient enrichir ma pratique professionnelle d&rsquo;ind\u00e9pendante que j&rsquo;exerce depuis neuf ann\u00e9es d\u00e9j\u00e0.<\/p>\n\n\n\n<p><\/p>\n\n\n\n<p><\/p>\n","protected":false},"excerpt":{"rendered":"<p>Je peux me d\u00e9placer jusqu&rsquo;\u00e0 votre domicile moyennant 10.- de frais de d\u00e9placement dans la r\u00e9gion de Sion et les environs. J&rsquo;ai \u00e9t\u00e9 engag\u00e9e \u00e0 l&rsquo;H\u00f4pital de Rennaz dans le service de M\u00e9decine\/Diab\u00e9tologie o\u00f9 je travaille comme infirmi\u00e8re pour les soins de pieds aux personnes diab\u00e9tiques. Cette nouvelle fonction vient enrichir ma pratique professionnelle d&rsquo;ind\u00e9pendante [&hellip;]<\/p>\n","protected":false},"author":2,"featured_media":0,"parent":0,"menu_order":0,"comment_status":"closed","ping_status":"closed","template":"","meta":{"footnotes":""},"class_list":["post-557","page","type-page","status-publish","czr-hentry"],"aioseo_notices":[],"_links":{"self":[{"href":"https:\/\/www.les-pieds-ailes.ch\/index.php\/wp-json\/wp\/v2\/pages\/557"}],"collection":[{"href":"https:\/\/www.les-pieds-ailes.ch\/index.php\/wp-json\/wp\/v2\/pages"}],"about":[{"href":"https:\/\/www.les-pieds-ailes.ch\/index.php\/wp-json\/wp\/v2\/types\/page"}],"author":[{"embeddable":true,"href":"https:\/\/www.les-pieds-ailes.ch\/index.php\/wp-json\/wp\/v2\/users\/2"}],"replies":[{"embeddable":true,"href":"https:\/\/www.les-pieds-ailes.ch\/index.php\/wp-json\/wp\/v2\/comments?post=557"}],"version-history":[{"count":23,"href":"https:\/\/www.les-pieds-ailes.ch\/index.php\/wp-json\/wp\/v2\/pages\/557\/revisions"}],"predecessor-version":[{"id":677,"href":"https:\/\/www.les-pieds-ailes.ch\/index.php\/wp-json\/wp\/v2\/pages\/557\/revisions\/677"}],"wp:attachment":[{"href":"https:\/\/www.les-pieds-ailes.ch\/index.php\/wp-json\/wp\/v2\/media?parent=557"}],"curies":[{"name":"wp","href":"https:\/\/api.w.org\/{rel}","templated":true}]}}

<p></p>



<p>Je peux me déplacer jusqu&rsquo;à votre domicile moyennant 10.- de frais de déplacement dans la région de Sion et les environs.</p>



<p>J&rsquo;ai été engagée à l&rsquo;Hôpital de Rennaz dans le service de Médecine/Diabétologie où je travaille comme infirmière pour les soins de pieds aux personnes diabétiques.</p>



<p>Cette nouvelle fonction vient enrichir ma pratique professionnelle d&rsquo;indépendante que j&rsquo;exerce depuis neuf années déjà.</p>



<p></p>



<p></p>

<p>Je peux me déplacer jusqu&rsquo;à votre domicile moyennant 10.- de frais de déplacement dans la région de Sion et les environs. J&rsquo;ai été engagée à l&rsquo;Hôpital de Rennaz dans le service de Médecine/Diabétologie où je travaille comme infirmière pour les soins de pieds aux personnes diabétiques. Cette nouvelle fonction vient enrichir ma pratique professionnelle d&rsquo;indépendante [&hellip;]</p>
