{"id":48,"date":"2016-04-07T14:23:19","date_gmt":"2016-04-07T14:23:19","guid":{"rendered":"http:\/\/test.xn--les-pieds-ails-nkb.ch\/?page_id=48"},"modified":"2025-03-11T10:42:57","modified_gmt":"2025-03-11T10:42:57","slug":"a-propos-de-annick-haenni","status":"publish","type":"page","link":"https:\/\/www.les-pieds-ailes.ch\/index.php\/a-propos-de-annick-haenni\/","title":{"rendered":"A propos de Annick Haenni"},"content":{"rendered":"<h2><\/h2>\n<h2>Qui suis-je ?<\/h2>\n<p>Je suis n\u00e9e dans les Antilles fran\u00e7aises, \u00e0 Fort-de-France, en 1969. Je suis devenue suissesse par mariage duquel sont n\u00e9s trois beaux gar\u00e7ons qui ont actuellement 21 ans, 19 ans et 17 ans.<\/p>\n<p>J&rsquo;ai pass\u00e9 la plus grande partie de ma jeunesse \u00e0 Paris o\u00f9 j&rsquo;y ai fait toutes mes \u00e9tudes dont celles d&rsquo;infirmi\u00e8re en soins g\u00e9n\u00e9raux pour ensuite m&rsquo;installer en Suisse, \u00e0 Gland, o\u00f9 j&rsquo;ai exerc\u00e9 \u00e0 la Clinique de la Ligni\u00e8re dans le service de M\u00e9decine et de Psychiatrie.<\/p>\n<p>J&rsquo;ai \u00e9t\u00e9 form\u00e9e aux soins de pieds par une p\u00e9dicure m\u00e9dicale en 2016.<\/p>\n<p><img loading=\"lazy\" decoding=\"async\" class=\"size-medium wp-image-561 alignright\" src=\"https:\/\/www.les-pieds-ailes.ch\/wp\/wp-content\/uploads\/2023\/11\/1-225x300.jpg\" alt=\"\" width=\"225\" height=\"300\" srcset=\"https:\/\/www.les-pieds-ailes.ch\/wp\/wp-content\/uploads\/2023\/11\/1-225x300.jpg 225w, https:\/\/www.les-pieds-ailes.ch\/wp\/wp-content\/uploads\/2023\/11\/1-768x1024.jpg 768w, https:\/\/www.les-pieds-ailes.ch\/wp\/wp-content\/uploads\/2023\/11\/1-1152x1536.jpg 1152w, https:\/\/www.les-pieds-ailes.ch\/wp\/wp-content\/uploads\/2023\/11\/1-1536x2048.jpg 1536w, https:\/\/www.les-pieds-ailes.ch\/wp\/wp-content\/uploads\/2023\/11\/1.jpg 1772w\" sizes=\"(max-width: 225px) 100vw, 225px\" \/><\/p>\n<p>Mon int\u00e9r\u00eat marqu\u00e9 pour la sant\u00e9 m&rsquo;a conduite tout naturellement \u00e0 me tourner vers les m\u00e9decines dites alternatives. Ces derni\u00e8res ann\u00e9es, j&rsquo;ai donc encha\u00een\u00e9 les formations continues : massages, utilisation des huiles essentielles, techniques de relaxation, nutrition.<\/p>\n<p>J&rsquo;aime le contact humain et j&rsquo;ai \u00e0 coeur de faire du bien autour de moi.<\/p>\n<p>Je suis v\u00e9g\u00e9tarienne et passionn\u00e9e depuis mon adolescence par la cuisine saine et les soins de sant\u00e9 naturels. Si vous le d\u00e9sirez, je suis \u00e0 m\u00eame de vous donner des conseils d&rsquo;hygi\u00e8ne de vie.<\/p>\n<p>Si vous aspirez \u00e0 un moment de d\u00e9tente avec un temps d&rsquo;\u00e9coute, de conseil de sant\u00e9 ou tout simplement de silence, vous \u00eates au bon endroit !<\/p>\n<h4>Ne vous pliez plus en deux, je prends soin de vos pieds !<\/h4>\n<p>Les pieds, cette partie du corps que l\u2019on a si souvent tendance \u00e0 n\u00e9gliger, voire \u00e0 oublier\u2026 Pourtant, ils portent tout le poids de notre corps et nous supportent pendant tellement d&rsquo;ann\u00e9es !<\/p>\n<p>Si vous avez des difficult\u00e9s \u00e0 vous baisser, si votre vue diminue, si vos mains ont de l&rsquo;arthrite ou de l&rsquo;arthrose, si vous avez des callosit\u00e9s \u00e9paisses et r\u00e9currentes ou \u00eates tout simplement d\u00e9sireux de vous faire chouchouter les pieds, avec \u00ab Les pieds ail\u00e9s \u00bb, je vous propose d&rsquo;en prendre soin en leur accordant des soins de base pour votre confort et votre bien-\u00eatre et pas seulement \u00e0 l&rsquo;approche des beaux jours, mais toute l&rsquo;ann\u00e9e !<\/p>\n<p>Si une situation ne relevait pas de mes comp\u00e9tences, je n&rsquo;h\u00e9siterais pas \u00e0 vous en informer et \u00e0 vous conseiller de consulter un professionnel adapt\u00e9 (podologue ou dermatologue).<\/p>\n<p><strong>Je ne dispense pas de soins de pieds aux personnes diab\u00e9tiques dans mon cabinet.<\/strong><\/p>\n<p>En tant qu&rsquo;infirmi\u00e8re, j&rsquo;accorde une attention particuli\u00e8re \u00e0 l&rsquo;<strong>hygi\u00e8ne, <\/strong>\u00e0 la <strong>pr\u00e9vention, <\/strong>au <strong>confort <\/strong>ainsi qu&rsquo;au<strong> bien-\u00eatre psychique<\/strong> de la personne.<\/p>\n<p>Afin d&rsquo;\u00e9voluer dans ma pratique infirmi\u00e8re, je suis membre<\/p>\n<ul>\n<li>de l&rsquo;<a href=\"https:\/\/www.sbk.ch\/fr.html\">ASI<\/a> (Association suisse des Infirmi\u00e8res)<\/li>\n<\/ul>\n<h2 style=\"text-align: right;\"><\/h2>\n","protected":false},"excerpt":{"rendered":"<p>Qui suis-je ? Je suis n\u00e9e dans les Antilles fran\u00e7aises, \u00e0 Fort-de-France, en 1969. Je suis devenue suissesse par mariage duquel sont n\u00e9s trois beaux gar\u00e7ons qui ont actuellement 21 ans, 19 ans et 17 ans. J&rsquo;ai pass\u00e9 la plus grande partie de ma jeunesse \u00e0 Paris o\u00f9 j&rsquo;y ai fait toutes mes \u00e9tudes dont [&hellip;]<\/p>\n","protected":false},"author":2,"featured_media":0,"parent":0,"menu_order":1,"comment_status":"closed","ping_status":"closed","template":"","meta":{"footnotes":""},"class_list":["post-48","page","type-page","status-publish","czr-hentry"],"aioseo_notices":[],"_links":{"self":[{"href":"https:\/\/www.les-pieds-ailes.ch\/index.php\/wp-json\/wp\/v2\/pages\/48"}],"collection":[{"href":"https:\/\/www.les-pieds-ailes.ch\/index.php\/wp-json\/wp\/v2\/pages"}],"about":[{"href":"https:\/\/www.les-pieds-ailes.ch\/index.php\/wp-json\/wp\/v2\/types\/page"}],"author":[{"embeddable":true,"href":"https:\/\/www.les-pieds-ailes.ch\/index.php\/wp-json\/wp\/v2\/users\/2"}],"replies":[{"embeddable":true,"href":"https:\/\/www.les-pieds-ailes.ch\/index.php\/wp-json\/wp\/v2\/comments?post=48"}],"version-history":[{"count":78,"href":"https:\/\/www.les-pieds-ailes.ch\/index.php\/wp-json\/wp\/v2\/pages\/48\/revisions"}],"predecessor-version":[{"id":675,"href":"https:\/\/www.les-pieds-ailes.ch\/index.php\/wp-json\/wp\/v2\/pages\/48\/revisions\/675"}],"wp:attachment":[{"href":"https:\/\/www.les-pieds-ailes.ch\/index.php\/wp-json\/wp\/v2\/media?parent=48"}],"curies":[{"name":"wp","href":"https:\/\/api.w.org\/{rel}","templated":true}]}}

<h2></h2>
<h2>Qui suis-je ?</h2>
<p>Je suis née dans les Antilles françaises, à Fort-de-France, en 1969. Je suis devenue suissesse par mariage duquel sont nés trois beaux garçons qui ont actuellement 21 ans, 19 ans et 17 ans.</p>
<p>J&rsquo;ai passé la plus grande partie de ma jeunesse à Paris où j&rsquo;y ai fait toutes mes études dont celles d&rsquo;infirmière en soins généraux pour ensuite m&rsquo;installer en Suisse, à Gland, où j&rsquo;ai exercé à la Clinique de la Lignière dans le service de Médecine et de Psychiatrie.</p>
<p>J&rsquo;ai été formée aux soins de pieds par une pédicure médicale en 2016.</p>
<p><img loading="lazy" decoding="async" class="size-medium wp-image-561 alignright" src="https://www.les-pieds-ailes.ch/wp/wp-content/uploads/2023/11/1-225x300.jpg" alt="" width="225" height="300" srcset="https://www.les-pieds-ailes.ch/wp/wp-content/uploads/2023/11/1-225x300.jpg 225w, https://www.les-pieds-ailes.ch/wp/wp-content/uploads/2023/11/1-768x1024.jpg 768w, https://www.les-pieds-ailes.ch/wp/wp-content/uploads/2023/11/1-1152x1536.jpg 1152w, https://www.les-pieds-ailes.ch/wp/wp-content/uploads/2023/11/1-1536x2048.jpg 1536w, https://www.les-pieds-ailes.ch/wp/wp-content/uploads/2023/11/1.jpg 1772w" sizes="(max-width: 225px) 100vw, 225px" /></p>
<p>Mon intérêt marqué pour la santé m&rsquo;a conduite tout naturellement à me tourner vers les médecines dites alternatives. Ces dernières années, j&rsquo;ai donc enchaîné les formations continues : massages, utilisation des huiles essentielles, techniques de relaxation, nutrition.</p>
<p>J&rsquo;aime le contact humain et j&rsquo;ai à coeur de faire du bien autour de moi.</p>
<p>Je suis végétarienne et passionnée depuis mon adolescence par la cuisine saine et les soins de santé naturels. Si vous le désirez, je suis à même de vous donner des conseils d&rsquo;hygiène de vie.</p>
<p>Si vous aspirez à un moment de détente avec un temps d&rsquo;écoute, de conseil de santé ou tout simplement de silence, vous êtes au bon endroit !</p>
<h4>Ne vous pliez plus en deux, je prends soin de vos pieds !</h4>
<p>Les pieds, cette partie du corps que l’on a si souvent tendance à négliger, voire à oublier… Pourtant, ils portent tout le poids de notre corps et nous supportent pendant tellement d&rsquo;années !</p>
<p>Si vous avez des difficultés à vous baisser, si votre vue diminue, si vos mains ont de l&rsquo;arthrite ou de l&rsquo;arthrose, si vous avez des callosités épaisses et récurrentes ou êtes tout simplement désireux de vous faire chouchouter les pieds, avec « Les pieds ailés », je vous propose d&rsquo;en prendre soin en leur accordant des soins de base pour votre confort et votre bien-être et pas seulement à l&rsquo;approche des beaux jours, mais toute l&rsquo;année !</p>
<p>Si une situation ne relevait pas de mes compétences, je n&rsquo;hésiterais pas à vous en informer et à vous conseiller de consulter un professionnel adapté (podologue ou dermatologue).</p>
<p><strong>Je ne dispense pas de soins de pieds aux personnes diabétiques dans mon cabinet.</strong></p>
<p>En tant qu&rsquo;infirmière, j&rsquo;accorde une attention particulière à l&rsquo;<strong>hygiène, </strong>à la <strong>prévention, </strong>au <strong>confort </strong>ainsi qu&rsquo;au<strong> bien-être psychique</strong> de la personne.</p>
<p>Afin d&rsquo;évoluer dans ma pratique infirmière, je suis membre</p>
<ul>
<li>de l&rsquo;<a href="https://www.sbk.ch/fr.html">ASI</a> (Association suisse des Infirmières)</li>
</ul>
<h2 style="text-align: right;"></h2>

<p>Qui suis-je ? Je suis née dans les Antilles françaises, à Fort-de-France, en 1969. Je suis devenue suissesse par mariage duquel sont nés trois beaux garçons qui ont actuellement 21 ans, 19 ans et 17 ans. J&rsquo;ai passé la plus grande partie de ma jeunesse à Paris où j&rsquo;y ai fait toutes mes études dont [&hellip;]</p>
