{"id":269,"date":"2016-10-05T16:26:02","date_gmt":"2016-10-05T16:26:02","guid":{"rendered":"http:\/\/www.xn--les-pieds-ails-nkb.ch\/?page_id=269"},"modified":"2023-11-27T07:39:37","modified_gmt":"2023-11-27T07:39:37","slug":"immobilisationhospitalisation-et-soins-de-pieds","status":"publish","type":"page","link":"https:\/\/www.les-pieds-ailes.ch\/index.php\/situations-particulieres\/immobilisationhospitalisation-et-soins-de-pieds\/","title":{"rendered":"Immobilisation\/Hospitalisation et soins de pieds"},"content":{"rendered":"<p>Votre m\u00e9decin pr\u00e9voit de vous hospitaliser ou encore de vous op\u00e9rer ?<\/p>\n<p>Dans ces circonstances, une hygi\u00e8ne irr\u00e9prochable s&rsquo;impose.<\/p>\n<p>Je prends donc en charge la <a href=\"https:\/\/www.les-pieds-ailes.ch\/index.php\/soins\/soins-et-beaute-des-pieds\/\">pr\u00e9paration de vos <b>pieds<\/b><\/a> pour qu&rsquo;ils soient <b>propres et impeccables avant<\/b> <b>votre hospitalisation ou votre intervention chirurgicale.<\/b><\/p>\n<p>Et de retour \u00e0 votre domicile, en cas d&rsquo;immobilisation ou d&rsquo;incapacit\u00e9 temporaire ou prolong\u00e9e \u00e0 prendre soin de vos pieds, je pourrai poursuivre votre prise en charge et me d\u00e9placer \u00e0 votre domicile si vous \u00eates domicili\u00e9 \u00e0 Sion.<\/p>\n","protected":false},"excerpt":{"rendered":"<p>Votre m\u00e9decin pr\u00e9voit de vous hospitaliser ou encore de vous op\u00e9rer ? Dans ces circonstances, une hygi\u00e8ne irr\u00e9prochable s&rsquo;impose. Je prends donc en charge la pr\u00e9paration de vos pieds pour qu&rsquo;ils soient propres et impeccables avant votre hospitalisation ou votre intervention chirurgicale. Et de retour \u00e0 votre domicile, en cas d&rsquo;immobilisation ou d&rsquo;incapacit\u00e9 temporaire ou [&hellip;]<\/p>\n","protected":false},"author":2,"featured_media":0,"parent":281,"menu_order":0,"comment_status":"closed","ping_status":"closed","template":"","meta":{"footnotes":""},"class_list":["post-269","page","type-page","status-publish","czr-hentry"],"aioseo_notices":[],"_links":{"self":[{"href":"https:\/\/www.les-pieds-ailes.ch\/index.php\/wp-json\/wp\/v2\/pages\/269"}],"collection":[{"href":"https:\/\/www.les-pieds-ailes.ch\/index.php\/wp-json\/wp\/v2\/pages"}],"about":[{"href":"https:\/\/www.les-pieds-ailes.ch\/index.php\/wp-json\/wp\/v2\/types\/page"}],"author":[{"embeddable":true,"href":"https:\/\/www.les-pieds-ailes.ch\/index.php\/wp-json\/wp\/v2\/users\/2"}],"replies":[{"embeddable":true,"href":"https:\/\/www.les-pieds-ailes.ch\/index.php\/wp-json\/wp\/v2\/comments?post=269"}],"version-history":[{"count":9,"href":"https:\/\/www.les-pieds-ailes.ch\/index.php\/wp-json\/wp\/v2\/pages\/269\/revisions"}],"predecessor-version":[{"id":622,"href":"https:\/\/www.les-pieds-ailes.ch\/index.php\/wp-json\/wp\/v2\/pages\/269\/revisions\/622"}],"up":[{"embeddable":true,"href":"https:\/\/www.les-pieds-ailes.ch\/index.php\/wp-json\/wp\/v2\/pages\/281"}],"wp:attachment":[{"href":"https:\/\/www.les-pieds-ailes.ch\/index.php\/wp-json\/wp\/v2\/media?parent=269"}],"curies":[{"name":"wp","href":"https:\/\/api.w.org\/{rel}","templated":true}]}}

<p>Votre médecin prévoit de vous hospitaliser ou encore de vous opérer ?</p>
<p>Dans ces circonstances, une hygiène irréprochable s&rsquo;impose.</p>
<p>Je prends donc en charge la <a href="https://www.les-pieds-ailes.ch/index.php/soins/soins-et-beaute-des-pieds/">préparation de vos <b>pieds</b></a> pour qu&rsquo;ils soient <b>propres et impeccables avant</b> <b>votre hospitalisation ou votre intervention chirurgicale.</b></p>
<p>Et de retour à votre domicile, en cas d&rsquo;immobilisation ou d&rsquo;incapacité temporaire ou prolongée à prendre soin de vos pieds, je pourrai poursuivre votre prise en charge et me déplacer à votre domicile si vous êtes domicilié à Sion.</p>

<p>Votre médecin prévoit de vous hospitaliser ou encore de vous opérer ? Dans ces circonstances, une hygiène irréprochable s&rsquo;impose. Je prends donc en charge la préparation de vos pieds pour qu&rsquo;ils soient propres et impeccables avant votre hospitalisation ou votre intervention chirurgicale. Et de retour à votre domicile, en cas d&rsquo;immobilisation ou d&rsquo;incapacité temporaire ou [&hellip;]</p>
