{"id":118,"date":"2016-04-23T12:56:12","date_gmt":"2016-04-23T12:56:12","guid":{"rendered":"http:\/\/test.xn--les-pieds-ails-nkb.ch\/?page_id=118"},"modified":"2017-04-09T19:10:05","modified_gmt":"2017-04-09T19:10:05","slug":"calluspeeling","status":"publish","type":"page","link":"https:\/\/www.les-pieds-ailes.ch\/index.php\/soins\/calluspeeling\/","title":{"rendered":"Soin des callosit\u00e9s"},"content":{"rendered":"<h2>Description<\/h2>\n<p>Ce soin, nomm\u00e9 Calluspeeling\u00a9, est un traitement r\u00e9volutionnaire pour la beaut\u00e9 des pieds qui \u00e9limine les crevasses, les cors et les durillons, sans lame ni fraise ! Renoncez aux callosit\u00e9s et retrouvez de beaux pieds doux et sains ! Une merveilleuse sensation de bien-\u00eatre !<\/p>\n<h2>D\u00e9roulement<\/h2>\n<ul>\n<li>Application de patchs sur les pieds<\/li>\n<li>Enveloppement des pieds pendant 20 minutes<\/li>\n<li>Enl\u00e8vement des callosit\u00e9s \u00e0 l&rsquo;aide d&rsquo;un racloir non m\u00e9tallique<\/li>\n<li>Lissage<\/li>\n<li>Rin\u00e7age<\/li>\n<li>Massage<\/li>\n<\/ul>\n<p>NB : D\u00e9monstration de ce soin \u00e0 visualiser sur le site de <a href=\"http:\/\/www.mavexsa.com\/html\/fr\/9-comment-%C3%83%E2%80%A1a-fonctionne.html\">Mavex SA<\/a>.<\/p>\n","protected":false},"excerpt":{"rendered":"<p>Description Ce soin, nomm\u00e9 Calluspeeling\u00a9, est un traitement r\u00e9volutionnaire pour la beaut\u00e9 des pieds qui \u00e9limine les crevasses, les cors et les durillons, sans lame ni fraise ! Renoncez aux callosit\u00e9s et retrouvez de beaux pieds doux et sains ! Une merveilleuse sensation de bien-\u00eatre ! D\u00e9roulement Application de patchs sur les pieds Enveloppement des [&hellip;]<\/p>\n","protected":false},"author":1,"featured_media":0,"parent":18,"menu_order":2,"comment_status":"closed","ping_status":"closed","template":"","meta":{"footnotes":""},"class_list":["post-118","page","type-page","status-publish","czr-hentry"],"aioseo_notices":[],"_links":{"self":[{"href":"https:\/\/www.les-pieds-ailes.ch\/index.php\/wp-json\/wp\/v2\/pages\/118"}],"collection":[{"href":"https:\/\/www.les-pieds-ailes.ch\/index.php\/wp-json\/wp\/v2\/pages"}],"about":[{"href":"https:\/\/www.les-pieds-ailes.ch\/index.php\/wp-json\/wp\/v2\/types\/page"}],"author":[{"embeddable":true,"href":"https:\/\/www.les-pieds-ailes.ch\/index.php\/wp-json\/wp\/v2\/users\/1"}],"replies":[{"embeddable":true,"href":"https:\/\/www.les-pieds-ailes.ch\/index.php\/wp-json\/wp\/v2\/comments?post=118"}],"version-history":[{"count":12,"href":"https:\/\/www.les-pieds-ailes.ch\/index.php\/wp-json\/wp\/v2\/pages\/118\/revisions"}],"predecessor-version":[{"id":632,"href":"https:\/\/www.les-pieds-ailes.ch\/index.php\/wp-json\/wp\/v2\/pages\/118\/revisions\/632"}],"up":[{"embeddable":true,"href":"https:\/\/www.les-pieds-ailes.ch\/index.php\/wp-json\/wp\/v2\/pages\/18"}],"wp:attachment":[{"href":"https:\/\/www.les-pieds-ailes.ch\/index.php\/wp-json\/wp\/v2\/media?parent=118"}],"curies":[{"name":"wp","href":"https:\/\/api.w.org\/{rel}","templated":true}]}}

Soin des callosités

<h2>Description</h2>
<p>Ce soin, nommé Calluspeeling©, est un traitement révolutionnaire pour la beauté des pieds qui élimine les crevasses, les cors et les durillons, sans lame ni fraise ! Renoncez aux callosités et retrouvez de beaux pieds doux et sains ! Une merveilleuse sensation de bien-être !</p>
<h2>Déroulement</h2>
<ul>
<li>Application de patchs sur les pieds</li>
<li>Enveloppement des pieds pendant 20 minutes</li>
<li>Enlèvement des callosités à l&rsquo;aide d&rsquo;un racloir non métallique</li>
<li>Lissage</li>
<li>Rinçage</li>
<li>Massage</li>
</ul>
<p>NB : Démonstration de ce soin à visualiser sur le site de <a href="http://www.mavexsa.com/html/fr/9-comment-%C3%83%E2%80%A1a-fonctionne.html">Mavex SA</a>.</p>

<p>Description Ce soin, nommé Calluspeeling©, est un traitement révolutionnaire pour la beauté des pieds qui élimine les crevasses, les cors et les durillons, sans lame ni fraise ! Renoncez aux callosités et retrouvez de beaux pieds doux et sains ! Une merveilleuse sensation de bien-être ! Déroulement Application de patchs sur les pieds Enveloppement des [&hellip;]</p>
